ate the remainder when t(-2) is divided by l.
18
Let v be ((-4)/(-3))/(24/(-10116)). Let n = v - -836. Calculate the remainder when n is divided by 31.
26
Let f = 19 + -6. Let g(x) = 74*x - 32. What is the remainder when g(1) is divided by f?
3
Let k = 7367 + -7271. Suppose -10*y = -12*y + 20. What is the remainder when k is divided by y?
6
Suppose -p - 5*t = -238, -5*p - 12*t = -7*t - 1250. Suppose 249*o = p*o - 36. Calculate the remainder when o is divided by 5.
4
Suppose -32*c = -31*c - 180. Suppose 5*o + 10 = -5*w + c, 3*o + 6 = 0. Calculate the remainder when w is divided by (6/(-4))/(3/(-20)).
6
Let n(d) = 2 + 4103*d**2 - 4104*d**2 - 5*d + 17. Let a = 28 - 6. What is the remainder when a is divided by n(2)?
2
Let r = 954 - 866. Suppose -5*p - r - 126 = -4*d, 234 = 4*d + 5*p. What is the remainder when 232 is divided by d?
8
Let n be (-1)/(-5) + (-17)/85. Suppose -m + 12 = 14, 5*w - m - 402 = n. Calculate the remainder when w is divided by 36.
8
Suppose 31 = 5*n - 4*l, -5*n + n + 5*l + 32 = 0. Let t = 6 - n. Let c(f) = f**3 - 3*f**2 + 139*f - 569. What is the remainder when c(4) is divided by t?
0
Let y = 14880 - 14310. Calculate the remainder when y is divided by 50.
20
Let m = 14931 + -13190. Calculate the remainder when m is divided by 179.
130
Suppose 7*x = 15 - 1. Let c be 2 + (-4 - x/(-1)). Suppose -a - 72 = -3*p + 16, c = p - 2*a - 36. Calculate the remainder when p is divided by 8.
4
Let q(b) = -7*b + 12. Let u be q(3). Let s(d) = -4*d + 30. Calculate the remainder when s(u) is divided by 4.
2
Suppose -1524 = 2*c - 6*c. Suppose 7*o - c = -101. Suppose 100 = 6*z + o. Calculate the remainder when 38 is divided by z.
8
Let t(u) = 12 + 30*u - 28*u + 11. Calculate the remainder when t(8) is divided by 15.
9
Suppose -v + 164 = -2. Suppose 0 = -4*z + 8*y, -3*z + 68 = 5*y - 2*y + 14. Calculate the remainder when v is divided by z.
10
Let k = -56 + 74. Suppose 2*f = 6*f - 16, 5*v - 436 = -4*f. What is the remainder when v is divided by k?
12
Suppose -k + 5*v = -36 - 31, 158 = 2*k + 2*v. Let x = -61 + k. Calculate the remainder when 95 is divided by x.
15
Let m = -91030 - -91086. What is the remainder when m is divided by -2 + (-1 - 15/(-1))?
8
Suppose -13*x - 707 = -4*m - 8*x, 5*x - 504 = -3*m. What is the remainder when m is divided by 57?
2
What is the remainder when ((-4720)/(-1120) + 2/7)/((-1)/(-478)) is divided by 17?
9
Suppose 2*r + 1838 = 5*d, 2*r = d - 152 - 214. Calculate the remainder when d is divided by 21.
11
Let r(s) = 0*s - 3*s + 2*s - 10. What is the remainder when 11 is divided by r(-13)?
2
Suppose 4*r = 2*p - r - 35, -4*p - 4*r = 0. What is the remainder when 1855/25 + 0 + 4/p is divided by 26?
23
Let a = 274 + -260. Suppose -23*h + a*h + 1206 = 0. Calculate the remainder when h is divided by 27.
26
Let n(c) = 2*c**2 + 56*c - 153. Calculate the remainder when 70 is divided by n(3).
4
Let r(n) = 115*n - 2130. Calculate the remainder when 986 is divided by r(19).
51
What is the remainder when 481 is divided by (-56)/(-16)*(-2 + -3 - (-32 - 1))?
89
Suppose 20*a - 1160 = -0*a. Let v(p) = 104*p**2 - 1027*p - 14. What is the remainder when v(10) is divided by a?
0
Let d = 3 - 4. Let h(q) be the third derivative of -q**4/2 + q**3/6 - 4*q**2. Calculate the remainder when 89 is divided by h(d).
11
Suppose -568*y - 20 = -563*y, -5*w - 5*y + 445 = 0. Calculate the remainder when 216 is divided by w.
30
Let b(q) = -q**2 - 11*q - 21. Let k be b(-9). What is the remainder when 157 is divided by k - -9 - 42/(-12)*4?
17
Suppose 11*g = 16*g + 45. Let s = 61 + g. Suppose 0 = 13*w - 15*w + 408. What is the remainder when w is divided by s?
48
Suppose -1508 = -4*d + 240. Suppose 0 = -226*z + 225*z + 2*t + 20, -3*z = -3*t - 90. What is the remainder when d is divided by z?
37
Let c(f) = -f**3 - 7*f**2 - 59*f - 643. Calculate the remainder when 8797 is divided by c(-9).
47
Suppose -7*z - 4*q = -379, 0*z + 2*q + 181 = 3*z. Suppose 2 = 2*l - 6. Suppose 0 = w - l*w + z. Calculate the remainder when 93 is divided by w.
17
Suppose 91 = 2*b + 3*f, b - 3*f = -9*f + 41. Suppose -3*r - 2162 = -s, 2*s = -2*r - 2*s - 1432. Let y = -488 - r. What is the remainder when y is divided by b?
44
Let u = -4 - -169. Suppose -1627*b + 300 = -1624*b. Suppose -5*d + 0*r + u = 5*r, -3*d = 4*r - b. Calculate the remainder when d is divided by 15.
2
Let u(q) = 13*q**2 - 21*q + 20. Suppose 3 - 15 = -4*v. Suppose 4*y - 2*a - 22 = 0, 0 = 4*y - 5*y - v*a + 23. Calculate the remainder when u(1) is divided by y.
4
Let j(d) = -1902*d - 2759. What is the remainder when j(-4) is divided by 968?
9
Let r = 12533 + -12475. Calculate the remainder when 5215 is divided by r.
53
Let h(x) = x**3 - 14*x**2 - 3*x + 4. What is the remainder when h(16) is divided by 15?
3
Let t(q) = 3*q**2 - 3*q + 1. Suppose 19*h = 2289 - 1833. Calculate the remainder when h is divided by t(2).
3
Let t be 1 + -1 - 110/(-22). Suppose -4*f + 35 = t*i, 4*i + 8*f - 5*f - 29 = 0. Calculate the remainder when 19 is divided by i.
8
Let y(h) = 2*h**3 + 20*h**2 + 17*h - 1. What is the remainder when (800/120)/((-3)/(-9)) is divided by y(-9)?
4
Let k(a) = -a**2 - 18*a - 76. Let p be k(-9). Suppose p*z + 2*j - 14 = 0, -j = 3*z - 12 + 4. Calculate the remainder when 31 is divided by z.
1
Let r be (-12)/(-3 - -7) - 3. Let m = r + 11. Let t = -11 - -25. What is the remainder when t is divided by m?
4
Let y(m) = 14*m**3 - 4*m**2 - 7*m - 8. Let t be y(-4). Let u = -930 - t. What is the remainder when 207 is divided by u?
7
Suppose -5*m + 6*f - 8*f + 393 = 0, 3*m - 249 = f. Calculate the remainder when 160 is divided by m.
79
Let i(c) = -11*c - 485. What is the remainder when i(-49) is divided by 21?
12
Let r be (8 - (9 - -6))*(-6)/14. Suppose l - r*b - 17 = -0*b, 2*l = -3*b + 70. What is the remainder when 60 is divided by l?
2
Suppose 31*t = 23*t + 384. What is the remainder when 52 is divided by t?
4
Let g(m) = 6*m + 27. Let d(j) = -5*j - 25. Let l(q) = -5*d(q) - 4*g(q). Calculate the remainder when 70 is divided by l(9).
18
Suppose -5*x = -5*y - 0*x + 1490, -3*y + 887 = -2*x. What is the remainder when y is divided by 5?
1
Let s(m) = -13*m - 102. Let u be s(-8). Suppose 2*q - 692 = -u*q. What is the remainder when q is divided by 35?
33
Suppose -63*g + 90 = -58*g. Let z = -95 - -107. Calculate the remainder when g is divided by z.
6
Suppose -13539 = -34*y - 155*y + 9330. What is the remainder when 1337 is divided by y?
6
Let g be (6 - 4)*(-44)/(-8). Suppose 3*o + 25 + 11 = 3*n, -3*n + g = 2*o. Let z(a) = 12*a + 1. Calculate the remainder when z(2) is divided by n.
4
Let p = -9985 - -10056. What is the remainder when 314 is divided by p?
30
Suppose -40*v = -5*f - 42*v + 199, 108 = 3*f + 5*v. What is the remainder when 153 is divided by f?
30
Suppose 0 = -2*x + 373 - 215. Calculate the remainder when 262 is divided by x.
25
Let a(p) = -p**2 + 9*p - 17. Suppose -4*u = -8, 4*u - 14 = -r - 0*u. Let l be a(r). Let f = 19 - l. What is the remainder when f is divided by 4?
2
Let g(o) = -10*o + 7. Let f = 1054 - 730. Let q = -314 + f. What is the remainder when g(-5) is divided by q?
7
Suppose -19*p + 24*p = 4195. What is the remainder when p is divided by 3?
2
Let s be 1*-2*(-3 + 2). Suppose w = -s*i + 1 + 42, -4*w + 11 = i. Calculate the remainder when i is divided by 12.
11
Let i(j) = 23*j**2. Let c = 162 - 161. What is the remainder when 87 is divided by i(c)?
18
Let u(s) = -s**3 + s**2 + 9*s - 1. Let b(g) = g**3 + 23*g**2 - 50*g - 4. Let o be b(-25). What is the remainder when 213 is divided by u(o)?
41
Let l = -258 - -268. Calculate the remainder when 23 is divided by l - (-3 + (-2)/1).
8
Let g = 3 - -60. Let o be 5 - (-236 - (-1 + 2)). Let j = 253 - o. Calculate the remainder when g is divided by j.
8
Suppose -2*d + 4*y = -2, 0 = -d + y - 0 + 3. Suppose 2*t = 4*u - 0*t - 512, d*u - 5*t = 645. Calculate the remainder when u is divided by 3 - (0/2 + -29).
31
Let o(b) = 14*b**2 - b + 3. Suppose 183*p - 192*p = -63. What is the remainder when o(-3) is divided by p?
6
Calculate the remainder when (-84)/((-42)/6)*97 is divided by 140.
44
Suppose -5*m = k - 35, 5*k - 7*m - 25 = -2*m. Suppose -1 = a, -t - k*a + 65 = -8*a. Calculate the remainder when 334 is divided by t.
66
Let k be (10/4)/(47/470). Suppose 0*s + k = s - 